base 6) to base 3
-1001201001
What is -43232 (base 10) in base 13?
-168a7
-69d (base 14) to base 13
-7a2
-24 (base 10) to base 11
-22
Convert 2014 (base 7) to base 15.
317
2012210 (base 3) to base 14
834
What is 3670 (base 9) in base 11?
2068
-7746 (base 8) to base 14
-16aa
-302 (base 14) to base 5
-4330
Convert 4110 (base 5) to base 13.
31a
What is 121222022 (base 3) in base 14?
471c
32414 (base 6) to base 9
6121
Convert 113 (base 14) to base 13.
135
What is -6652 (base 7) in base 9?
-3244
22c2 (base 15) to base 13
348b
Convert -2412 (base 7) to base 8.
-1573
-b868 (base 13) to base 2
-110010000000101
Convert 293 (base 15) to base 14.
300
d4 (base 14) to base 15
c6
What is 111112 (base 4) in base 15?
611
What is 9a8 (base 15) in base 8?
4207
What is -1021350 (base 6) in base 7?
-264420
What is 1403 (base 7) in base 5?
4132
Convert -107555 (base 8) to base 5.
-2133332
-141 (base 16) to base 8
-501
What is 837 (base 12) in base 5?
14240
What is -11052 (base 6) in base 3?
-2010012
What is -46a77 (base 11) in base 5?
-4132334
ab2 (base 13) to base 15
825
Convert 11001 (base 2) to base 12.
21
What is 32862 (base 10) in base 11?
22765
32103030 (base 4) to base 2
1110010011001100
What is 175a (base 15) in base 14?
1b99
-1012 (base 7) to base 2
-101100000
1316 (base 9) to base 3
1100120
What is -6640 (base 9) in base 12?
-2a00
What is 13485 (base 10) in base 16?
34ad
Convert -83a (base 16) to base 2.
-100000111010
Convert -13241 (base 6) to base 12.
-1221
-1512 (base 14) to base 8
-7234
-7215 (base 13) to base 10
-15735
143112 (base 5) to base 4
1132100
-7b3 (base 15) to base 6
-12023
What is 82 (base 15) in base 2?
1111010
Convert 23795 (base 11) to base 12.
17982
What is -18 (base 16) in base 11?
-22
What is -3001131 (base 4) in base 5?
-344011
-143143 (base 5) to base 7
-23430
What is 2207 (base 14) in base 7?
23110
Convert 5396 (base 10) to base 6.
40552
What is -22014 (base 6) in base 8?
-5732
Convert e634 (base 15) to base 12.
241a1
What is -3347 (base 8) in base 11?
-1367
1134 (base 7) to base 9
513
What is -1085 (base 11) in base 5?
-21144
-3421 (base 13) to base 6
-53434
Convert -865 (base 12) to base 14.
-63b
1193 (base 13) to base 10
2486
Convert 947 (base 14) to base 6.
12243
What is 10a22 (base 11) in base 10?
15875
-12c (base 14) to base 13
-152
What is 1204 (base 6) in base 11?
246
Convert 3205 (base 6) to base 15.
335
Convert -115 (base 13) to base 6.
-511
What is -518 (base 11) in base 6?
-2520
What is 31605 (base 7) in base 13?
3756
Convert 123452 (base 7) to base 8.
54527
-59d (base 16) to base 13
-867
Convert -401 (base 9) to base 4.
-11011
-2002210 (base 3) to base 12
-a79
-21234 (base 8) to base 11
-6725
What is -224 (base 16) in base 13?
-332
Convert -430d (base 16) to base 4.
-10030031
Convert 3210 (base 5) to base 4.
12232
24433 (base 5) to base 13
b09
Convert -46111 (base 7) to base 16.
-2dc7
9bb (base 13) to base 4
122023
Convert 27613 (base 10) to base 14.
a0c5
Convert 134300 (base 5) to base 13.
26cb
What is 125550 (base 6) in base 15?
36c3
Convert -5360 (base 8) to base 16.
-af0
Convert e14 (base 15) to base 10.
3169
Convert -232 (base 6) to base 15.
-62
What is 34b (base 12) in base 6?
2135
-459 (base 12) to base 11
-537
Convert -6b6b (base 13) to base 9.
-22671
1310010 (base 5) to base 12
129ba
-1311 (base 6) to base 13
-1c6
Convert -611 (base 13) to base 12.
-718
-321 (base 11) to base 8
-602
What is 30201300 (base 4) in base 13?
1a481
Convert 14285 (base 11) to base 13.
9317
What is 1100010010 (base 2) in base 3?
1002010
Convert -5161 (base 8) to base 13.
-12a8
Convert 5a3 (base 13) to base 2.
1111010010
What is -9026 (base 14) in base 4?
-12002122
-12a (base 15) to base 14
-14d
Convert 1010011 (base 2) to base 7.
146
Convert -1408 (base 9) to base 10.
-1061
What is -112312 (base 4) in base 10?
-1462
What is 1b3b (base 16) in base 13?
3233
Convert 70cb (base 13) to base 10.
15546
Convert 41644 (base 7) to base 9.
15074
Convert 16052 (base 7) to base 5.
120441
Convert -2033 (base 8) to base 15.
-4a1
What is 21232 (base 7) in base 12?
306a
Convert 101222 (base 3) to base 4.
10220
What is -627 (base 8) in base 14?
-211
Convert 45bc (base 15) to base 5.
433202
Convert 1100110101011 (base 2) to base 3.
100000101
What is 28406 (base 12) in base 3?
2211122120
-d96a (base 14) to base 6
-445430
What is -2632 (base 12) in base 6?
-32102
Convert -10236 (base 12) to base 3.
-1001220020
What is -1053 (base 8) in base 2?
-1000101011
What is -110111110100001 (base 2) in base 12?
-14655
What is -4eb1 (base 15) in base 6?
-205504
Convert -51334 (base 6) to base 8.
-15252
What is 100110111 (base 2) in base 11?
263
Convert -21311 (base 9) to base 8.
-33430
Convert 20230202 (base 4) to base 8.
105442
-11631 (base 9) to base 6
-100044
What is -b295 (base 14) in base 4?
-13133303
-25421 (base 10) to base 3
-1021212112
-111423 (base 5) to base 16
-f94
Convert 1864 (base 12) to base 6.
21404
14186 (base 9) to base 4
2112210
What is 365 (base 9) in base 2?
100101110
Convert 110222202 (base 3) to base 9.
13882
Convert 10300 (base 4) to base 5.
2204
Convert -671 (base 14) to base 7.
-3501
1102 (base 8) to base 4
21002
What is 112321 (base 5) in base 3?
12121100
Convert 13112 (base 4) to base 13.
2a2
What is -a08 (base 15) in base 14?
-b74
Convert -35412 (base 6) to base 10.
-5120
Convert -14433 (base 6) to base 10.
-2325
-10219 (base 10) to base 9
-15014
What is -2909 (base 11) in base 5?
-110020
Convert 6705 (base 8) to base 6.
24153
Convert 3202 (base 9) to base 3.
10020002
-33535 (base 7) to base 5
-233003
Convert -4212 (base 9) to base 14.
-11a9
What is 2022121 (base 3) in base 5?
23230
What is -121022002 (base 3) in base 7?
-46433
Convert 22313 (base 4) to base 7.
2012
-150a (base 11) to base 10
-1946
What is -16740 (base 8) in base 12?
-4514
Convert 1125 (base 15) to base 11.
2805
Convert -1010 (base 11) to base 13.
-7c3
What is 33762 (base 8) in base 14?
5310
Convert 14 (base 6) to base 14.
a
7099 (base 10) to base 6
52511
Convert -1651 (base 8) to base 10.
-937
Convert 55657 (base 9) to base 2.
1001000001111100
-33003 (base 5) to base 16
-8cd
Convert 436 (base 8) to base 5.
2121
What is -655 (base 11) in base 8?
-1422
What is -1415 (base 6) in base 10?
-371
Convert -3a49 (base 12) to base 5.
-203211
Convert 102000 (base 3) to base 12.
209
-12333 (base 4) to base 11
-377
503 (base 8) to base 3
102222
Convert -2120111010 (base 3) to base 12.
-25393
-55543 (base 8) to base 16
-5b63
What is -3305 (base 6) in base 14?
-3c5
What is -15726 (base 11) in base 14?
-8119
320220 (base 4) to base 2
111000101000
What is 4a1 (base 16) in base 12?
829
Convert 2131 (base 8) to base 15.
4e3
Convert -2189 (base 15) to base 6.
-52520
Convert 3414 (base 5) to base 15.
224
-1621 (base 7) to base 11
-543
20145 (base 7) to base 3
20200220
What is e57 (base 16) in base 8?
7127
What is -6684 (base 12) in base 5?
-330312
Convert -22020102 (base 3) to base 15.
-1ba5
Convert -1420231 (base 5) to base 2.
-111001100000001
What is 39e (base 16) in base 3?
1021022
What is -160 (base 15) in base 12?
-223
71d (base 14) to base 16
577
-182 (base 16) to base 5
-3021
3121 (base 5) to base 13
258
What is 11980 (base 10) in base 12?
6b24
What is -11233 (base 9) in base 6?
-54350
What is -1e6 (base 16) in base 11?
-402
Convert 10001000001101 (base 2) to base 3.
102221212
What is -1012010 (base 3) in base 10?
-867
Convert -2505 (base 7) to base 12.
-660
-72 (base 15) to base 6
-255
Convert -10659 (base 10) to base 11.
-8010
What is 1010011010 (base 2) in base 15?
2e6
-221b6 (base 12) to base 7
-245544
-2aab (base 12) to base 16
-13a3
What is -10110110110001 (base 2) in base 9?
-17036
1217 (base 8) to base 10
655
What is -206 (base 12) in base 5?
-2134
What is 4b5 (base 13) in base 7?
2255
What is 46520 (base 9) in base 8?
74501
Convert 17b (base 12) to base 4.
3233
-204 (base 10) to base 13
-129
What is -147 (base 12) in base 9?
-241
What is 36633 (base 7) in base 4?
2111223
What is -1542 (base 7) in base 3?
-211220
874 (base 14) to base 8
3206
What is 44f (base 16) in base 11?
913
What is -1011120022 (base 3) in base 4?
-11213210
15324 (base 6) to base 9
3377
bb02 (base 12) to base 9
31222
Convert 200001210 (base 3) to base 10.
13170
1448 (base 12) to base 7
6611
Convert